ors of n(x)?
2
Suppose 7*o - 3*o = -128. Suppose 4*h = -0*h - 72. Let q = h - o. What are the prime factors of q?
2, 7
Let q = 135 + -90. What are the prime factors of q?
3, 5
Suppose -4*o - 18 = -2. Let z be 1*4 + (-6 - o). Suppose 0*b = z*b - 34. What are the prime factors of b?
17
Let f = -79 + 118. What are the prime factors of f?
3, 13
Suppose 5*h - 545 = 5*i, 0*i = i + 4*h + 124. Let o = -77 - i. Suppose -d = 2*g - 13, -10 = d - 4*g - o. What are the prime factors of d?
17
Let l be 3/(-12)*2*-28. Suppose -2*b = h - 4 - 7, h = -3*b + l. What are the prime factors of b?
3
Let p(t) = 6*t**3 - t**2 - t - 2. List the prime factors of p(2).
2, 5
Let k be (-1)/(-2) + 7/2. Suppose 2 = -k*r - 0*r - 5*w, 0 = 3*r - w + 11. Let q = r - -5. What are the prime factors of q?
2
Let u be ((-36)/(-30))/(1/5). Suppose -24 = -5*f + u. What are the prime factors of f?
2, 3
Let f = 16 - 9. Let b = 9 - f. Suppose 3*z - 35 = -b*z. List the prime factors of z.
7
List the prime factors of ((-194)/(-6) - -1)/(4/12).
2, 5
Let t(b) = 2*b + 4. Let w(p) = p - 1. Let m be (-74)/(-14) + 6/(-21). Let s be w(m). List the prime factors of t(s).
2, 3
Let t(j) = 23*j - 1. List the prime factors of t(1).
2, 11
Suppose 0 = 5*y + 2*h, 0 = -3*y + 2*h - h - 11. Let c be -2 + (2 - 2) - y. Suppose 3*a - 7*a + 48 = c. What are the prime factors of a?
2, 3
Suppose 4*v = -5*x + 30, 6 = 3*x - 0*x. Suppose 2 = -2*p - p + 5*y, v*y - 7 = -2*p. Suppose p = -2*w + 7. What are the prime factors of w?
3
Let h = 13 - 8. Suppose -61 = -2*j - h*b, 3*b + 30 = 3*j - 51. Suppose 0 = 3*v + 3*p - 6, 4*p = -0*v + 2*v - j. List the prime factors of v.
2, 3
Suppose 5*w + 5 = 6*w. What are the prime factors of w?
5
Let y be ((1 + -4)/3)/(-1). Let x be (y - -2)*(-1 - -2). List the prime factors of (x/(-6))/((-3)/18).
3
Let j be (0 - -8)*12/24. List the prime factors of (-5 + 0)*(-12)/j.
3, 5
Let u(v) be the third derivative of -v**6/120 + v**5/20 + v**4/6 - v**3/3 - 2*v**2. Let i be u(4). Let k(p) = p + 4. What are the prime factors of k(i)?
2
Suppose 0 = -2*f + p - 6*p - 15, 2*f + 3*p + 5 = 0. Let l(a) = a + 2. What are the prime factors of l(f)?
7
List the prime factors of 2/(-4)*-212 - (2 + -3).
107
Suppose 4*i - o + 0 = -3, -3*i - 7 = 4*o. What are the prime factors of (2/i)/((-6)/30)?
2, 5
Let r(y) = -y**3 - 4*y**2 - 2*y - 1. Let w be (-5 + 1)/(1 + 0). What are the prime factors of r(w)?
7
Let f(z) = -5*z**3 - z**2 + z + 1. Let g be f(-1). Suppose k + 33 = g*k. What are the prime factors of k?
11
List the prime factors of (189/6)/((-1)/(-2)).
3, 7
Suppose -137 = -4*a + g, -6*a + a = -5*g - 160. What are the prime factors of a?
5, 7
Let n be -2*(5/(-2) + 1). Suppose 11 = -n*p - 7. Let h = p - -8. List the prime factors of h.
2
Let c = -2 - -23. Suppose 5*m - c = 2*m. What are the prime factors of m?
7
Suppose 10 = d - 3*m, 1 = 5*d - 5*m - 19. List the prime factors of d - (-2 - -1)*4.
5
Let l(x) = 15*x - 8. What are the prime factors of l(3)?
37
Let j = -6 + 21. List the prime factors of j.
3, 5
Let i(p) = -2*p - 4. Let h(b) = -5*b**2 - 3*b + 2*b**2 + 2*b**2 + 1. Let f be h(-4). List the prime factors of i(f).
2
Let c = 13 + -7. Suppose -g + 3 = -0*g - 2*k, 2*g + c = -2*k. Let o = 1 - g. What are the prime factors of o?
2
Let x be 10/35 + 12/7. Suppose -2*z - 9 + 23 = x*h, -z = 5*h - 15. What are the prime factors of h?
2
Suppose 4*p = 2 + 22. Let f(s) = 5*s + 3. What are the prime factors of f(p)?
3, 11
Let j = 314 + -179. List the prime factors of j.
3, 5
Let s(j) = 14*j**2 - j - 1. Let d be s(-1). Let l = 24 - d. What are the prime factors of l?
2, 5
Let a = 19 + -5. Suppose -5*c + 55 = -3*d + a, 2*d = 6. List the prime factors of c.
2, 5
Suppose 0 = -z + 2. Suppose 0*d = -z*d + 42. List the prime factors of d.
3, 7
Suppose -4*l + 99 = -l. Suppose -5*s = 4*v - l, -63 = -5*v - s + 2*s. Suppose d + 0 = v. List the prime factors of d.
2, 3
Let j = -4 - -8. Suppose 22 = 5*u - 2*s, s + j + 5 = 2*u. List the prime factors of u.
2
Suppose 5*l - 80 = 4*c + 14, -c - 91 = -5*l. List the prime factors of l.
2, 3
Suppose 5*n - 14 = -2*o, 0 = -4*o + 2*o - 3*n + 14. Let t = o + -4. Suppose z + t*q = 2*q + 2, z + 10 = -4*q. List the prime factors of z.
2, 3
Let g = 23 + -17. List the prime factors of (-2)/g + (-325)/(-39).
2
Let z = 4 + -3. Let d(y) = y**3 + 2*y**3 - 2*y + 4*y**3 + 1. List the prime factors of d(z).
2, 3
Let c be (13/4)/((-1)/4). Let h = -7 - c. Suppose -4*o + 36 = -h*p + 2*p, 4*o = 3*p + 31. What are the prime factors of o?
2
Let u(o) = o**2 - 2*o + 2. Let k(c) = c**3 - 5*c**2 + c - 3. Let w be k(3). Let s be ((-4)/(-6))/((-3)/w). List the prime factors of u(s).
2, 5
Let r(t) = 2*t**2 - t - 1. Let q be r(-1). Suppose y - q*y + 18 = 0. What are the prime factors of y?
2, 3
Suppose -422 - 293 = -5*s - 4*l, 0 = -l - 5. List the prime factors of s.
3, 7
Let j(o) = 6 + 2 - 7 - o. Let v(g) = 2*g + 3. Let y be v(-3). List the prime factors of j(y).
2
Let c = 0 + -7. Let u = 11 + c. Suppose 0 = q - u*q + 33. List the prime factors of q.
11
Let o be 2/8 - 43/(-4). Suppose 0 = 2*g - 3*g + o. What are the prime factors of g?
11
Suppose -2*a - 72 = 4*b + b, -2*b = a + 29. Let h = -8 - b. List the prime factors of h.
2, 3
Suppose -r + 0 = 3. Let g = 77 + -81. What are the prime factors of 3 + (g - r)/1?
2
Suppose -d = -26 - 6. List the prime factors of d.
2
Suppose -z - 117 = -4*z. List the prime factors of z.
3, 13
Suppose 3*c + 18 = 3*h, -3 = c + 2. What are the prime factors of 12 + -1 + -3*h?
2
Let m(f) be the third derivative of -5*f**4/24 - f**3/2 + 3*f**2. What are the prime factors of m(-4)?
17
Suppose c - 33 = 4*d, -c + 0*c - 2*d = -39. List the prime factors of c.
37
Suppose -4*u + 193 = -7. What are the prime factors of u?
2, 5
Let r(i) = 2*i**3 - 8*i**2 + 2*i + 5. What are the prime factors of r(5)?
5, 13
Suppose 0 = -2*f - 3*k + 69, f + 3*k - 32 = 2*k. List the prime factors of f.
3
Let i(d) = -d + 14. Suppose -7 - 29 = -4*q. What are the prime factors of i(q)?
5
Let c(n) = n**3 - 6*n**2 + 5*n + 2. Let t be c(5). List the prime factors of -37*(2/2 - t).
37
Let k(t) = -t + 2. Suppose -20 + 5 = -5*o. Let q be k(o). Let s(d) = 13*d**2 + 2*d + 1. What are the prime factors of s(q)?
2, 3
Suppose 60 + 101 = 7*z. What are the prime factors of z?
23
Let c(o) = 3*o + 3 - o**3 + 3*o**2 + 0 + 2*o. What are the prime factors of c(4)?
7
Let p = 4 + -11. Let o be p/(-2)*36/21. Suppose 10*d - 40 = o*d. What are the prime factors of d?
2, 5
Suppose -66 = -5*v + 3*v. Suppose 0 = b - 0*b. Suppose b*t - 3*t = -v. What are the prime factors of t?
11
Suppose 0 = -t - 0*t + 51. What are the prime factors of t?
3, 17
Suppose -2*z - 5 = 3*z. Let t = 4 + z. Suppose 0 = 3*n, w + t*n - 7 = 7*n. List the prime factors of w.
7
Suppose -3*p + 5*y + 4 = 0, 4*p - 10 = 4*y - 2. Suppose z - 3*o - 5 = 0, -15 = -3*z + p*o - 0*o. Suppose -20 = -z*j + 65. What are the prime factors of j?
17
Suppose -264 = 3*q - 7*q. Suppose 2*b + q = 4*b. Let l = b + -17. List the prime factors of l.
2
Suppose -3*p - 29 = -5*s, 0*s - 5 = s + 3*p. Suppose -k + 30 = s*k. Let f(a) = 3*a - 8. List the prime factors of f(k).
2, 5
Suppose 0 = t - 4 - 0. Let w be (-3 + 8)*(t - -1). Suppose 0 = -2*z + w - 1. What are the prime factors of z?
2, 3
What are the prime factors of 2/(-14) - 45/(-21)?
2
Suppose -5*j + 600 = -j. What are the prime factors of j?
2, 3, 5
Suppose c - 158 = -2*f, -4*f + 0*f + 148 = c. List the prime factors of c.
2, 3, 7
Suppose 0 = -3*k + 5*k - 24. What are the prime factors of k?
2, 3
Suppose -3*p + 20 = p. Let w = 4 + p. What are the prime factors of 79/w + (-2)/(-9)?
3
Suppose j + 0 = 28. Suppose 3*s + 5*l - j = -s, 14 = 2*s + l. What are the prime factors of s?
7
List the prime factors of 4*(292/(-20))/((-4)/5).
73
Let x be 4 + -5 + (5 - 0). Suppose 4*j + 26 = k, 0*k + x*j = -2*k - 8. List the prime factors of k.
2, 3
Suppose -o + 2*x + 49 = -6, -2*o - 5*x = -74. What are the prime factors of o?
47
List the prime factors of (-2)/(-7) + (-6 - 4085/(-35)).
3, 37
Suppose -3*q = 5*m - q - 124, 4*m - 3*q = 113. Suppose -m = -3*v - 11. Suppose -v*w + 41 = -9. List the prime factors of w.
2, 5
Suppose -3*z + 4*z - 4 = -3*f, -z = f. Suppose -f*w = -7 - 11. List the prime factors of w.
3
Suppose 112 - 544 = -2*x. What are the prime fa